{"id":1973,"date":"2025-06-12T13:38:05","date_gmt":"2025-06-12T11:38:05","guid":{"rendered":"https:\/\/garage79-garnier-automobiles.fr\/?page_id=1973"},"modified":"2025-06-13T17:56:36","modified_gmt":"2025-06-13T15:56:36","slug":"lavage-automobile","status":"publish","type":"page","link":"https:\/\/garage79-garnier-automobiles.fr\/lavage-automobile\/","title":{"rendered":"Lavage automobile"},"content":{"rendered":"\t\t<div data-elementor-type=\"wp-page\" data-elementor-id=\"1973\" class=\"elementor elementor-1973\" data-elementor-post-type=\"page\">\n\t\t\t\t\t\t<section class=\"elementor-section elementor-top-section elementor-element elementor-element-214c2f2b elementor-section-height-min-height elementor-section-content-middle elementor-section-stretched elementor-reverse-mobile elementor-section-boxed elementor-section-height-default elementor-section-items-middle wpr-particle-no wpr-jarallax-no wpr-parallax-no wpr-sticky-section-no wpr-equal-height-no\" data-id=\"214c2f2b\" data-element_type=\"section\" data-e-type=\"section\" data-settings=\"{&quot;stretch_section&quot;:&quot;section-stretched&quot;,&quot;background_background&quot;:&quot;classic&quot;}\">\n\t\t\t\t\t\t\t<div class=\"elementor-background-overlay\"><\/div>\n\t\t\t\t\t\t\t<div class=\"elementor-container elementor-column-gap-default\">\n\t\t\t\t\t<div class=\"elementor-column elementor-col-100 elementor-top-column elementor-element elementor-element-1ca546ab\" data-id=\"1ca546ab\" data-element_type=\"column\" data-e-type=\"column\">\n\t\t\t<div class=\"elementor-widget-wrap elementor-element-populated\">\n\t\t\t\t\t\t\t<\/div>\n\t\t<\/div>\n\t\t\t\t\t<\/div>\n\t\t<\/section>\n\t\t\t\t<section class=\"elementor-section elementor-top-section elementor-element elementor-element-d01b7ca elementor-section-content-middle elementor-section-stretched elementor-section-boxed elementor-section-height-default elementor-section-height-default wpr-particle-no wpr-jarallax-no wpr-parallax-no wpr-sticky-section-no wpr-equal-height-no\" data-id=\"d01b7ca\" data-element_type=\"section\" data-e-type=\"section\" data-settings=\"{&quot;stretch_section&quot;:&quot;section-stretched&quot;,&quot;background_background&quot;:&quot;classic&quot;}\">\n\t\t\t\t\t\t\t<div class=\"elementor-background-overlay\"><\/div>\n\t\t\t\t\t\t\t<div class=\"elementor-container elementor-column-gap-default\">\n\t\t\t\t\t<div class=\"elementor-column elementor-col-100 elementor-top-column elementor-element elementor-element-58852a00\" data-id=\"58852a00\" data-element_type=\"column\" data-e-type=\"column\">\n\t\t\t<div class=\"elementor-widget-wrap elementor-element-populated\">\n\t\t\t\t\t\t<div class=\"elementor-element elementor-element-6abd2642 elementor-widget elementor-widget-heading\" data-id=\"6abd2642\" data-element_type=\"widget\" data-e-type=\"widget\" data-widget_type=\"heading.default\">\n\t\t\t\t<div class=\"elementor-widget-container\">\n\t\t\t\t\t<h1 class=\"elementor-heading-title elementor-size-default\">L\u2019adresse \u00e0 retenir pour votre lavage auto pr\u00e8s de Bressuire<\/h1>\t\t\t\t<\/div>\n\t\t\t\t<\/div>\n\t\t\t\t<div class=\"elementor-element elementor-element-55b9c2fa elementor-widget elementor-widget-text-editor\" data-id=\"55b9c2fa\" data-element_type=\"widget\" data-e-type=\"widget\" data-widget_type=\"text-editor.default\">\n\t\t\t\t<div class=\"elementor-widget-container\">\n\t\t\t\t\t\t\t\t\t<p>Le lavage automobile pr\u00e8s de Bressuire propos\u00e9 par l\u2019\u00e9quipe de Garnier Automobiles est le meilleur moyen de redonner toute sa beaut\u00e9, sa brillance et sa propret\u00e9 \u00e0 la carrosserie et \u00e0 l\u2019int\u00e9rieur de votre voiture. Le service comprend le pr\u00e9lavage, le lavage complet avec des produits et accessoires d\u00e9di\u00e9s puis le s\u00e9chage des diff\u00e9rentes parties du v\u00e9hicule. Qui plus est, le garage dispose d\u2019une station de lavage qui est mise \u00e0 disposition du client pour lui permettre de nettoyer sa voiture, tout en b\u00e9n\u00e9ficiant d\u2019un accueil chaleureux et de conseils personnalis\u00e9s. N\u2019h\u00e9sitez pas \u00e0 prendre rendez-vous en contactant Garnier Automobiles.<\/p>\t\t\t\t\t\t\t\t<\/div>\n\t\t\t\t<\/div>\n\t\t\t\t<section class=\"elementor-section elementor-inner-section elementor-element elementor-element-684fb378 elementor-section-content-middle elementor-section-boxed elementor-section-height-default elementor-section-height-default wpr-particle-no wpr-jarallax-no wpr-parallax-no wpr-sticky-section-no wpr-equal-height-no\" data-id=\"684fb378\" data-element_type=\"section\" data-e-type=\"section\" data-settings=\"{&quot;background_background&quot;:&quot;classic&quot;}\">\n\t\t\t\t\t\t\t<div class=\"elementor-background-overlay\"><\/div>\n\t\t\t\t\t\t\t<div class=\"elementor-container elementor-column-gap-default\">\n\t\t\t\t\t<div class=\"elementor-column elementor-col-50 elementor-inner-column elementor-element elementor-element-5878f39\" data-id=\"5878f39\" data-element_type=\"column\" data-e-type=\"column\">\n\t\t\t<div class=\"elementor-widget-wrap elementor-element-populated\">\n\t\t\t\t\t\t<div class=\"elementor-element elementor-element-570b8ca5 elementor-widget elementor-widget-image\" data-id=\"570b8ca5\" data-element_type=\"widget\" data-e-type=\"widget\" data-widget_type=\"image.default\">\n\t\t\t\t<div class=\"elementor-widget-container\">\n\t\t\t\t\t\t\t\t\t\t\t\t\t\t\t<img fetchpriority=\"high\" decoding=\"async\" width=\"600\" height=\"550\" src=\"https:\/\/garage79-garnier-automobiles.fr\/wp-content\/uploads\/2025\/06\/image5.jpg\" class=\"attachment-large size-large wp-image-2525\" alt=\"\" srcset=\"https:\/\/garage79-garnier-automobiles.fr\/wp-content\/uploads\/2025\/06\/image5.jpg 600w, https:\/\/garage79-garnier-automobiles.fr\/wp-content\/uploads\/2025\/06\/image5-300x275.jpg 300w, https:\/\/garage79-garnier-automobiles.fr\/wp-content\/uploads\/2025\/06\/image5-230x211.jpg 230w\" sizes=\"(max-width: 600px) 100vw, 600px\" \/>\t\t\t\t\t\t\t\t\t\t\t\t\t\t\t<\/div>\n\t\t\t\t<\/div>\n\t\t\t\t\t<\/div>\n\t\t<\/div>\n\t\t\t\t<div class=\"elementor-column elementor-col-50 elementor-inner-column elementor-element elementor-element-bc6c321\" data-id=\"bc6c321\" data-element_type=\"column\" data-e-type=\"column\">\n\t\t\t<div class=\"elementor-widget-wrap elementor-element-populated\">\n\t\t\t\t\t\t<div class=\"elementor-element elementor-element-60c8c2be elementor-widget elementor-widget-heading\" data-id=\"60c8c2be\" data-element_type=\"widget\" data-e-type=\"widget\" data-widget_type=\"heading.default\">\n\t\t\t\t<div class=\"elementor-widget-container\">\n\t\t\t\t\t<h2 class=\"elementor-heading-title elementor-size-default\">Station de lavage<\/h2>\t\t\t\t<\/div>\n\t\t\t\t<\/div>\n\t\t\t\t<div class=\"elementor-element elementor-element-66251cbc elementor-widget elementor-widget-text-editor\" data-id=\"66251cbc\" data-element_type=\"widget\" data-e-type=\"widget\" data-widget_type=\"text-editor.default\">\n\t\t\t\t<div class=\"elementor-widget-container\">\n\t\t\t\t\t\t\t\t\t<p>Les voitures sont sujettes \u00e0 bon nombre d\u2019agressions dues \u00e0 la pollution et au climat, ce qui, \u00e0 la longue, menace d\u2019ab\u00eemer la carrosserie et d\u2019user le v\u00e9hicule, limitant ainsi sa long\u00e9vit\u00e9. Afin d\u2019y rem\u00e9dier, le <strong><a href=\"https:\/\/garage79-garnier-automobiles.fr\/\">garage automobile pr\u00e8s de Bressuire<\/a><\/strong> Garnier Automobiles met \u00e0 disposition de ses clients une station de lavage auto pour un nettoyage complet des v\u00e9hicules. La m\u00e9thode de lavage doit comprendre plusieurs \u00e9tapes essentielles afin de donner de bons r\u00e9sultats et d\u2019\u00e9liminer efficacement toutes les t\u00e2ches et encrassements pr\u00e9sents sur le v\u00e9hicule.<\/p><p>Munies des bons produits et des accessoires adapt\u00e9s, les \u00e9quipes du garage proc\u00e8dent au lavage de la voiture \u00e0 l\u2019eau et au savon pour d\u00e9coller les r\u00e9sidus et la poussi\u00e8re entrepos\u00e9s sur les diff\u00e9rentes parties. Vient ensuite l\u2019\u00e9tape de finition consistant \u00e0 utiliser un produit antistatique qui va venir lustrer les plastiques du tableau de bord et des autres pi\u00e8ces. Les vitres, quant \u00e0 elles, sont essuy\u00e9es avec un produit d\u00e9di\u00e9 pour leur redonner tout leur \u00e9clat et leur brillance.<\/p><p>Les r\u00e9sidents des communes de Faye-l\u2019Abbesse, Saint-Varent et Thouars peuvent faire appel aux services du garage Garnier Automobiles pour l\u2019<strong><a href=\"https:\/\/garage79-garnier-automobiles.fr\/entretien\/\">entretien<\/a><\/strong> et le lavage automobile.<\/p><p>Pour tout renseignement compl\u00e9mentaire, n\u2019h\u00e9sitez pas \u00e0 prendre contact avec garage automobile Garnier Automobiles.<\/p>\t\t\t\t\t\t\t\t<\/div>\n\t\t\t\t<\/div>\n\t\t\t\t\t<\/div>\n\t\t<\/div>\n\t\t\t\t\t<\/div>\n\t\t<\/section>\n\t\t\t\t\t<\/div>\n\t\t<\/div>\n\t\t\t\t\t<\/div>\n\t\t<\/section>\n\t\t\t\t<section class=\"elementor-section elementor-top-section elementor-element elementor-element-72123b2b elementor-section-content-middle elementor-section-stretched elementor-section-boxed elementor-section-height-default elementor-section-height-default wpr-particle-no wpr-jarallax-no wpr-parallax-no wpr-sticky-section-no wpr-equal-height-no\" data-id=\"72123b2b\" data-element_type=\"section\" data-e-type=\"section\" data-settings=\"{&quot;stretch_section&quot;:&quot;section-stretched&quot;,&quot;background_background&quot;:&quot;classic&quot;}\">\n\t\t\t\t\t\t\t<div class=\"elementor-background-overlay\"><\/div>\n\t\t\t\t\t\t\t<div class=\"elementor-container elementor-column-gap-default\">\n\t\t\t\t\t<div class=\"elementor-column elementor-col-100 elementor-top-column elementor-element elementor-element-2eec0037\" data-id=\"2eec0037\" data-element_type=\"column\" data-e-type=\"column\">\n\t\t\t<div class=\"elementor-widget-wrap elementor-element-populated\">\n\t\t\t\t\t\t<div class=\"elementor-element elementor-element-4b18559a elementor-view-default elementor-widget elementor-widget-icon\" data-id=\"4b18559a\" data-element_type=\"widget\" data-e-type=\"widget\" data-widget_type=\"icon.default\">\n\t\t\t\t<div class=\"elementor-widget-container\">\n\t\t\t\t\t\t\t<div class=\"elementor-icon-wrapper\">\n\t\t\t<div class=\"elementor-icon\">\n\t\t\t<i aria-hidden=\"true\" class=\"fab fa-telegram-plane\"><\/i>\t\t\t<\/div>\n\t\t<\/div>\n\t\t\t\t\t\t<\/div>\n\t\t\t\t<\/div>\n\t\t\t\t<div class=\"elementor-element elementor-element-2099714b elementor-widget elementor-widget-text-editor\" data-id=\"2099714b\" data-element_type=\"widget\" data-e-type=\"widget\" data-widget_type=\"text-editor.default\">\n\t\t\t\t<div class=\"elementor-widget-container\">\n\t\t\t\t\t\t\t\t\t<p>Le nettoyage \u00e9tant une n\u00e9cessit\u00e9 constante pour l\u2019entretien de la voiture, il est important de bien choisir un prestataire qui s\u2019occupe du lavage de mani\u00e8re efficace et professionnelle. Pour cela, n\u2019h\u00e9sitez pas \u00e0 prendre <strong><a href=\"https:\/\/garage79-garnier-automobiles.fr\/contact\/\">contact<\/a><\/strong> avec les \u00e9quipes de Garnier Automobiles au <strong><a href=\"tel:0549724206\">05 49 72 42 06<\/a><\/strong>.<\/p>\t\t\t\t\t\t\t\t<\/div>\n\t\t\t\t<\/div>\n\t\t\t\t\t<\/div>\n\t\t<\/div>\n\t\t\t\t\t<\/div>\n\t\t<\/section>\n\t\t\t\t<\/div>\n\t\t","protected":false},"excerpt":{"rendered":"<p>L\u2019adresse \u00e0 retenir pour votre lavage auto pr\u00e8s de Bressuire Le lavage automobile pr\u00e8s de Bressuire propos\u00e9 par l\u2019\u00e9quipe de Garnier Automobiles est le meilleur moyen de redonner toute sa beaut\u00e9, sa brillance et sa propret\u00e9 \u00e0 la carrosserie et \u00e0 l\u2019int\u00e9rieur de votre voiture. Le service comprend le pr\u00e9lavage,<\/p>\n","protected":false},"author":37,"featured_media":0,"parent":0,"menu_order":0,"comment_status":"closed","ping_status":"closed","template":"","meta":{"footnotes":""},"class_list":["post-1973","page","type-page","status-publish","hentry"],"aioseo_notices":[],"_links":{"self":[{"href":"https:\/\/garage79-garnier-automobiles.fr\/nov-apijson\/wp\/v2\/pages\/1973","targetHints":{"allow":["GET"]}}],"collection":[{"href":"https:\/\/garage79-garnier-automobiles.fr\/nov-apijson\/wp\/v2\/pages"}],"about":[{"href":"https:\/\/garage79-garnier-automobiles.fr\/nov-apijson\/wp\/v2\/types\/page"}],"author":[{"embeddable":true,"href":"https:\/\/garage79-garnier-automobiles.fr\/nov-apijson\/wp\/v2\/users\/37"}],"replies":[{"embeddable":true,"href":"https:\/\/garage79-garnier-automobiles.fr\/nov-apijson\/wp\/v2\/comments?post=1973"}],"version-history":[{"count":7,"href":"https:\/\/garage79-garnier-automobiles.fr\/nov-apijson\/wp\/v2\/pages\/1973\/revisions"}],"predecessor-version":[{"id":2532,"href":"https:\/\/garage79-garnier-automobiles.fr\/nov-apijson\/wp\/v2\/pages\/1973\/revisions\/2532"}],"wp:attachment":[{"href":"https:\/\/garage79-garnier-automobiles.fr\/nov-apijson\/wp\/v2\/media?parent=1973"}],"curies":[{"name":"wp","href":"https:\/\/api.w.org\/{rel}","templated":true}]}}

<div data-elementor-type="wp-page" data-elementor-id="1973" class="elementor elementor-1973" data-elementor-post-type="page">
						<section class="elementor-section elementor-top-section elementor-element elementor-element-214c2f2b elementor-section-height-min-height elementor-section-content-middle elementor-section-stretched elementor-reverse-mobile elementor-section-boxed elementor-section-height-default elementor-section-items-middle wpr-particle-no wpr-jarallax-no wpr-parallax-no wpr-sticky-section-no wpr-equal-height-no" data-id="214c2f2b" data-element_type="section" data-e-type="section" data-settings="{&quot;stretch_section&quot;:&quot;section-stretched&quot;,&quot;background_background&quot;:&quot;classic&quot;}">
							<div class="elementor-background-overlay"></div>
							<div class="elementor-container elementor-column-gap-default">
					<div class="elementor-column elementor-col-100 elementor-top-column elementor-element elementor-element-1ca546ab" data-id="1ca546ab" data-element_type="column" data-e-type="column">
			<div class="elementor-widget-wrap elementor-element-populated">
							</div>
		</div>
					</div>
		</section>
				<section class="elementor-section elementor-top-section elementor-element elementor-element-d01b7ca elementor-section-content-middle elementor-section-stretched elementor-section-boxed elementor-section-height-default elementor-section-height-default wpr-particle-no wpr-jarallax-no wpr-parallax-no wpr-sticky-section-no wpr-equal-height-no" data-id="d01b7ca" data-element_type="section" data-e-type="section" data-settings="{&quot;stretch_section&quot;:&quot;section-stretched&quot;,&quot;background_background&quot;:&quot;classic&quot;}">
							<div class="elementor-background-overlay"></div>
							<div class="elementor-container elementor-column-gap-default">
					<div class="elementor-column elementor-col-100 elementor-top-column elementor-element elementor-element-58852a00" data-id="58852a00" data-element_type="column" data-e-type="column">
			<div class="elementor-widget-wrap elementor-element-populated">
						<div class="elementor-element elementor-element-6abd2642 elementor-widget elementor-widget-heading" data-id="6abd2642" data-element_type="widget" data-e-type="widget" data-widget_type="heading.default">
				<div class="elementor-widget-container">
					<h1 class="elementor-heading-title elementor-size-default">L’adresse à retenir pour votre lavage auto près de Bressuire</h1>				</div>
				</div>
				<div class="elementor-element elementor-element-55b9c2fa elementor-widget elementor-widget-text-editor" data-id="55b9c2fa" data-element_type="widget" data-e-type="widget" data-widget_type="text-editor.default">
				<div class="elementor-widget-container">
									<p>Le lavage automobile près de Bressuire proposé par l’équipe de Garnier Automobiles est le meilleur moyen de redonner toute sa beauté, sa brillance et sa propreté à la carrosserie et à l’intérieur de votre voiture. Le service comprend le prélavage, le lavage complet avec des produits et accessoires dédiés puis le séchage des différentes parties du véhicule. Qui plus est, le garage dispose d’une station de lavage qui est mise à disposition du client pour lui permettre de nettoyer sa voiture, tout en bénéficiant d’un accueil chaleureux et de conseils personnalisés. N’hésitez pas à prendre rendez-vous en contactant Garnier Automobiles.</p>								</div>
				</div>
				<section class="elementor-section elementor-inner-section elementor-element elementor-element-684fb378 elementor-section-content-middle elementor-section-boxed elementor-section-height-default elementor-section-height-default wpr-particle-no wpr-jarallax-no wpr-parallax-no wpr-sticky-section-no wpr-equal-height-no" data-id="684fb378" data-element_type="section" data-e-type="section" data-settings="{&quot;background_background&quot;:&quot;classic&quot;}">
							<div class="elementor-background-overlay"></div>
							<div class="elementor-container elementor-column-gap-default">
					<div class="elementor-column elementor-col-50 elementor-inner-column elementor-element elementor-element-5878f39" data-id="5878f39" data-element_type="column" data-e-type="column">
			<div class="elementor-widget-wrap elementor-element-populated">
						<div class="elementor-element elementor-element-570b8ca5 elementor-widget elementor-widget-image" data-id="570b8ca5" data-element_type="widget" data-e-type="widget" data-widget_type="image.default">
				<div class="elementor-widget-container">
															<img fetchpriority="high" decoding="async" width="600" height="550" src="https://garage79-garnier-automobiles.fr/wp-content/uploads/2025/06/image5.jpg" class="attachment-large size-large wp-image-2525" alt="" srcset="https://garage79-garnier-automobiles.fr/wp-content/uploads/2025/06/image5.jpg 600w, https://garage79-garnier-automobiles.fr/wp-content/uploads/2025/06/image5-300x275.jpg 300w, https://garage79-garnier-automobiles.fr/wp-content/uploads/2025/06/image5-230x211.jpg 230w" sizes="(max-width: 600px) 100vw, 600px" />															</div>
				</div>
					</div>
		</div>
				<div class="elementor-column elementor-col-50 elementor-inner-column elementor-element elementor-element-bc6c321" data-id="bc6c321" data-element_type="column" data-e-type="column">
			<div class="elementor-widget-wrap elementor-element-populated">
						<div class="elementor-element elementor-element-60c8c2be elementor-widget elementor-widget-heading" data-id="60c8c2be" data-element_type="widget" data-e-type="widget" data-widget_type="heading.default">
				<div class="elementor-widget-container">
					<h2 class="elementor-heading-title elementor-size-default">Station de lavage</h2>				</div>
				</div>
				<div class="elementor-element elementor-element-66251cbc elementor-widget elementor-widget-text-editor" data-id="66251cbc" data-element_type="widget" data-e-type="widget" data-widget_type="text-editor.default">
				<div class="elementor-widget-container">
									<p>Les voitures sont sujettes à bon nombre d’agressions dues à la pollution et au climat, ce qui, à la longue, menace d’abîmer la carrosserie et d’user le véhicule, limitant ainsi sa longévité. Afin d’y remédier, le <strong><a href="https://garage79-garnier-automobiles.fr/">garage automobile près de Bressuire</a></strong> Garnier Automobiles met à disposition de ses clients une station de lavage auto pour un nettoyage complet des véhicules. La méthode de lavage doit comprendre plusieurs étapes essentielles afin de donner de bons résultats et d’éliminer efficacement toutes les tâches et encrassements présents sur le véhicule.</p><p>Munies des bons produits et des accessoires adaptés, les équipes du garage procèdent au lavage de la voiture à l’eau et au savon pour décoller les résidus et la poussière entreposés sur les différentes parties. Vient ensuite l’étape de finition consistant à utiliser un produit antistatique qui va venir lustrer les plastiques du tableau de bord et des autres pièces. Les vitres, quant à elles, sont essuyées avec un produit dédié pour leur redonner tout leur éclat et leur brillance.</p><p>Les résidents des communes de Faye-l’Abbesse, Saint-Varent et Thouars peuvent faire appel aux services du garage Garnier Automobiles pour l’<strong><a href="https://garage79-garnier-automobiles.fr/entretien/">entretien</a></strong> et le lavage automobile.</p><p>Pour tout renseignement complémentaire, n’hésitez pas à prendre contact avec garage automobile Garnier Automobiles.</p>								</div>
				</div>
					</div>
		</div>
					</div>
		</section>
					</div>
		</div>
					</div>
		</section>
				<section class="elementor-section elementor-top-section elementor-element elementor-element-72123b2b elementor-section-content-middle elementor-section-stretched elementor-section-boxed elementor-section-height-default elementor-section-height-default wpr-particle-no wpr-jarallax-no wpr-parallax-no wpr-sticky-section-no wpr-equal-height-no" data-id="72123b2b" data-element_type="section" data-e-type="section" data-settings="{&quot;stretch_section&quot;:&quot;section-stretched&quot;,&quot;background_background&quot;:&quot;classic&quot;}">
							<div class="elementor-background-overlay"></div>
							<div class="elementor-container elementor-column-gap-default">
					<div class="elementor-column elementor-col-100 elementor-top-column elementor-element elementor-element-2eec0037" data-id="2eec0037" data-element_type="column" data-e-type="column">
			<div class="elementor-widget-wrap elementor-element-populated">
						<div class="elementor-element elementor-element-4b18559a elementor-view-default elementor-widget elementor-widget-icon" data-id="4b18559a" data-element_type="widget" data-e-type="widget" data-widget_type="icon.default">
				<div class="elementor-widget-container">
							<div class="elementor-icon-wrapper">
			<div class="elementor-icon">
			<i aria-hidden="true" class="fab fa-telegram-plane"></i>			</div>
		</div>
						</div>
				</div>
				<div class="elementor-element elementor-element-2099714b elementor-widget elementor-widget-text-editor" data-id="2099714b" data-element_type="widget" data-e-type="widget" data-widget_type="text-editor.default">
				<div class="elementor-widget-container">
									<p>Le nettoyage étant une nécessité constante pour l’entretien de la voiture, il est important de bien choisir un prestataire qui s’occupe du lavage de manière efficace et professionnelle. Pour cela, n’hésitez pas à prendre <strong><a href="https://garage79-garnier-automobiles.fr/contact/">contact</a></strong> avec les équipes de Garnier Automobiles au <strong><a href="tel:0549724206">05 49 72 42 06</a></strong>.</p>								</div>
				</div>
					</div>
		</div>
					</div>
		</section>
				</div>

<p>L’adresse à retenir pour votre lavage auto près de Bressuire Le lavage automobile près de Bressuire proposé par l’équipe de Garnier Automobiles est le meilleur moyen de redonner toute sa beauté, sa brillance et sa propreté à la carrosserie et à l’intérieur de votre voiture. Le service comprend le prélavage,</p>
