{"id":1985,"date":"2025-06-12T13:46:50","date_gmt":"2025-06-12T11:46:50","guid":{"rendered":"https:\/\/garage79-garnier-automobiles.fr\/?page_id=1985"},"modified":"2025-06-27T15:21:02","modified_gmt":"2025-06-27T13:21:02","slug":"contact","status":"publish","type":"page","link":"https:\/\/garage79-garnier-automobiles.fr\/contact\/","title":{"rendered":"Contact"},"content":{"rendered":"\t\t<div data-elementor-type=\"wp-page\" data-elementor-id=\"1985\" class=\"elementor elementor-1985\" data-elementor-post-type=\"page\">\n\t\t\t\t\t\t<section class=\"elementor-section elementor-top-section elementor-element elementor-element-5eb10e15 elementor-section-height-min-height elementor-section-content-middle elementor-section-stretched elementor-reverse-mobile elementor-section-boxed elementor-section-height-default elementor-section-items-middle wpr-particle-no wpr-jarallax-no wpr-parallax-no wpr-sticky-section-no wpr-equal-height-no\" data-id=\"5eb10e15\" data-element_type=\"section\" data-e-type=\"section\" data-settings=\"{&quot;stretch_section&quot;:&quot;section-stretched&quot;,&quot;background_background&quot;:&quot;classic&quot;}\">\n\t\t\t\t\t\t\t<div class=\"elementor-background-overlay\"><\/div>\n\t\t\t\t\t\t\t<div class=\"elementor-container elementor-column-gap-default\">\n\t\t\t\t\t<div class=\"elementor-column elementor-col-100 elementor-top-column elementor-element elementor-element-76167afb\" data-id=\"76167afb\" data-element_type=\"column\" data-e-type=\"column\">\n\t\t\t<div class=\"elementor-widget-wrap elementor-element-populated\">\n\t\t\t\t\t\t\t<\/div>\n\t\t<\/div>\n\t\t\t\t\t<\/div>\n\t\t<\/section>\n\t\t\t\t<section class=\"elementor-section elementor-top-section elementor-element elementor-element-7f7ba4d5 elementor-section-content-middle elementor-section-stretched elementor-section-boxed elementor-section-height-default elementor-section-height-default wpr-particle-no wpr-jarallax-no wpr-parallax-no wpr-sticky-section-no wpr-equal-height-no\" data-id=\"7f7ba4d5\" data-element_type=\"section\" data-e-type=\"section\" data-settings=\"{&quot;stretch_section&quot;:&quot;section-stretched&quot;,&quot;background_background&quot;:&quot;classic&quot;}\">\n\t\t\t\t\t\t\t<div class=\"elementor-background-overlay\"><\/div>\n\t\t\t\t\t\t\t<div class=\"elementor-container elementor-column-gap-default\">\n\t\t\t\t\t<div class=\"elementor-column elementor-col-100 elementor-top-column elementor-element elementor-element-4246330e\" data-id=\"4246330e\" data-element_type=\"column\" data-e-type=\"column\">\n\t\t\t<div class=\"elementor-widget-wrap elementor-element-populated\">\n\t\t\t\t\t\t<div class=\"elementor-element elementor-element-78079f5 elementor-widget elementor-widget-heading\" data-id=\"78079f5\" data-element_type=\"widget\" data-e-type=\"widget\" data-widget_type=\"heading.default\">\n\t\t\t\t<div class=\"elementor-widget-container\">\n\t\t\t\t\t<h1 class=\"elementor-heading-title elementor-size-default\">Contactez les \u00e9quipes de Garnier Automobiles \u00e0 Faye-l'Abbesse<\/h1>\t\t\t\t<\/div>\n\t\t\t\t<\/div>\n\t\t\t\t<div class=\"elementor-element elementor-element-44eaa879 elementor-widget elementor-widget-text-editor\" data-id=\"44eaa879\" data-element_type=\"widget\" data-e-type=\"widget\" data-widget_type=\"text-editor.default\">\n\t\t\t\t<div class=\"elementor-widget-container\">\n\t\t\t\t\t\t\t\t\t<p><strong>Garnier Automobiles<\/strong><\/p>\n<p><strong>Adresse :<\/strong><\/p>\n<p>33 Avenue Jules TRINCHOT,<\/p>\n<p>79350 Faye-l\u2019Abbesse<\/p>\n<p><strong>T\u00e9l\u00e9phone :<\/strong><\/p><p><strong>Standard<\/strong><\/p><p><strong><a href=\"tel:0549724206\">05 49 72 42 06<\/a><\/strong><\/p>\n<p><strong>Service commercial<\/strong><\/p>\n<p><strong><a href=\"tel:0748770138\">07 48 77 01 38<\/a><\/strong><\/p>\n<p><strong>Mail :<\/strong><\/p>\n<p><strong><a href=\"mailto:garnier.automobiles@gmail.com\">garnier.automobiles@gmail.com<\/a><\/strong><\/p>\t\t\t\t\t\t\t\t<\/div>\n\t\t\t\t<\/div>\n\t\t\t\t<div class=\"elementor-element elementor-element-2162756 elementor-widget elementor-widget-htcontactform-addons\" data-id=\"2162756\" data-element_type=\"widget\" data-e-type=\"widget\" data-widget_type=\"htcontactform-addons.default\">\n\t\t\t\t<div class=\"elementor-widget-container\">\n\t\t\t\t\t            <div class=\"htcontact-form-wrapper\" >\n                \n<div class=\"wpcf7 no-js\" id=\"wpcf7-f35-o1\" lang=\"fr-FR\" dir=\"ltr\" data-wpcf7-id=\"35\">\n<div class=\"screen-reader-response\"><p role=\"status\" aria-live=\"polite\" aria-atomic=\"true\"><\/p> <ul><\/ul><\/div>\n<form action=\"\/nov-apijson\/wp\/v2\/pages\/1985#wpcf7-f35-o1\" method=\"post\" class=\"wpcf7-form init\" aria-label=\"Formulaire de contact\" novalidate=\"novalidate\" data-status=\"init\">\n<fieldset class=\"hidden-fields-container\"><input type=\"hidden\" name=\"_wpcf7\" value=\"35\" \/><input type=\"hidden\" name=\"_wpcf7_version\" value=\"6.1.5\" \/><input type=\"hidden\" name=\"_wpcf7_locale\" value=\"fr_FR\" \/><input type=\"hidden\" name=\"_wpcf7_unit_tag\" value=\"wpcf7-f35-o1\" \/><input type=\"hidden\" name=\"_wpcf7_container_post\" value=\"0\" \/><input type=\"hidden\" name=\"_wpcf7_posted_data_hash\" value=\"\" \/>\n<\/fieldset>\n<div class=\"col-md-12\">\n\t<p><span class=\"wpcf7-form-control-wrap\" data-name=\"nom\"><input size=\"40\" maxlength=\"400\" class=\"wpcf7-form-control wpcf7-text wpcf7-validates-as-required\" aria-required=\"true\" aria-invalid=\"false\" placeholder=\"Nom*\" value=\"\" type=\"text\" name=\"nom\" \/><\/span>\n\t<\/p>\n<\/div>\n<div class=\"col-md-12\">\n\t<p><span class=\"wpcf7-form-control-wrap\" data-name=\"email\"><input size=\"40\" maxlength=\"400\" class=\"wpcf7-form-control wpcf7-email wpcf7-validates-as-required wpcf7-text wpcf7-validates-as-email\" aria-required=\"true\" aria-invalid=\"false\" placeholder=\"Email*\" value=\"\" type=\"email\" name=\"email\" \/><\/span>\n\t<\/p>\n<\/div>\n<div class=\"col-md-12\">\n\t<p><span class=\"wpcf7-form-control-wrap\" data-name=\"sujet\"><input size=\"40\" maxlength=\"400\" class=\"wpcf7-form-control wpcf7-text wpcf7-validates-as-required\" aria-required=\"true\" aria-invalid=\"false\" placeholder=\"Sujet*\" value=\"\" type=\"text\" name=\"sujet\" \/><\/span>\n\t<\/p>\n<\/div>\n<div class=\"col-md-12\">\n\t<p><span class=\"wpcf7-form-control-wrap\" data-name=\"message\"><textarea cols=\"40\" rows=\"10\" maxlength=\"2000\" class=\"wpcf7-form-control wpcf7-textarea wpcf7-validates-as-required\" aria-required=\"true\" aria-invalid=\"false\" placeholder=\"Message*\" name=\"message\"><\/textarea><\/span>\n\t<\/p>\n<\/div>\n<div class=\"col-md-12\">\n\t<p><span class=\"wpcf7-form-control-wrap\" data-name=\"checkbox-979\"><span class=\"wpcf7-form-control wpcf7-checkbox wpcf7-validates-as-required\"><span class=\"wpcf7-list-item first last\"><label><input type=\"checkbox\" name=\"checkbox-979[]\" value=\"En soumettant ce formulaire, j\u2019accepte que les informations saisies soient exploit\u00e9es dans le strict cadre de ma demande.\" \/><span class=\"wpcf7-list-item-label\">En soumettant ce formulaire, j\u2019accepte que les informations saisies soient exploit\u00e9es dans le strict cadre de ma demande.<\/span><\/label><\/span><\/span><\/span>\n\t<\/p>\n<\/div>\n<div class=\"col-md-12\">\n\t<p><input class=\"wpcf7-form-control wpcf7-submit has-spinner\" type=\"submit\" value=\"Envoyer\" \/>\n\t<\/p>\n<\/div>\n<div class=\"col-md-12 ml\">\n\t<p>* Ces champs sont obligatoires\n\t<\/p>\n\t<p>Nous nous engageons \u00e0 ce que la collecte et le traitement de vos donn\u00e9es effectu\u00e9es \u00e0 partir du pr\u00e9sent site internet soit conforme \u00e0 la loi informatique et libert\u00e9s et au r\u00e8glement g\u00e9n\u00e9ral sur la protection des donn\u00e9es personnelles (RGPD). Afin d\u2019exercer vos droits, notamment d\u2019acc\u00e8s, de correction ou de retrait de vos donn\u00e9es personnelles collect\u00e9es via ce formulaire, consultez notre <a href=\"\/politique-de-confidentialite\">Politique de confidentialit\u00e9<\/a>.\n\t<\/p>\n\t<p>Conform\u00e9ment \u00e0 l\u2019article L 223-2 du code de la consommation, nous vous informons que vous pouvez \u00e0 toute moment vous inscrire sur le site BLOCTEL sur la liste d\u2019opposition au d\u00e9marchage t\u00e9l\u00e9phonique.\n\t<\/p>\n<\/div><p style=\"display: none !important;\" class=\"akismet-fields-container\" data-prefix=\"_wpcf7_ak_\"><label>&#916;<textarea name=\"_wpcf7_ak_hp_textarea\" cols=\"45\" rows=\"8\" maxlength=\"100\"><\/textarea><\/label><input type=\"hidden\" id=\"ak_js_1\" name=\"_wpcf7_ak_js\" value=\"61\"\/><script type=\"text\/javascript\">\n\/* <![CDATA[ *\/\ndocument.getElementById( \"ak_js_1\" ).setAttribute( \"value\", ( new Date() ).getTime() );\n\/* ]]> *\/\n<\/script>\n<\/p><div class=\"wpcf7-response-output\" aria-hidden=\"true\"><\/div>\n<\/form>\n<\/div>\n            <\/div>\n\n        \t\t\t\t<\/div>\n\t\t\t\t<\/div>\n\t\t\t\t\t<\/div>\n\t\t<\/div>\n\t\t\t\t\t<\/div>\n\t\t<\/section>\n\t\t\t\t<\/div>\n\t\t","protected":false},"excerpt":{"rendered":"<p>Contactez les \u00e9quipes de Garnier Automobiles \u00e0 Faye-l&rsquo;Abbesse Garnier Automobiles Adresse : 33 Avenue Jules TRINCHOT, 79350 Faye-l\u2019Abbesse T\u00e9l\u00e9phone : Standard 05 49 72 42 06 Service commercial 07 48 77 01 38 Mail : garnier.automobiles@gmail.com En soumettant ce formulaire, j\u2019accepte que les informations saisies soient exploit\u00e9es dans le strict<\/p>\n","protected":false},"author":37,"featured_media":0,"parent":0,"menu_order":0,"comment_status":"closed","ping_status":"closed","template":"","meta":{"footnotes":""},"class_list":["post-1985","page","type-page","status-publish","hentry"],"aioseo_notices":[],"_links":{"self":[{"href":"https:\/\/garage79-garnier-automobiles.fr\/nov-apijson\/wp\/v2\/pages\/1985","targetHints":{"allow":["GET"]}}],"collection":[{"href":"https:\/\/garage79-garnier-automobiles.fr\/nov-apijson\/wp\/v2\/pages"}],"about":[{"href":"https:\/\/garage79-garnier-automobiles.fr\/nov-apijson\/wp\/v2\/types\/page"}],"author":[{"embeddable":true,"href":"https:\/\/garage79-garnier-automobiles.fr\/nov-apijson\/wp\/v2\/users\/37"}],"replies":[{"embeddable":true,"href":"https:\/\/garage79-garnier-automobiles.fr\/nov-apijson\/wp\/v2\/comments?post=1985"}],"version-history":[{"count":10,"href":"https:\/\/garage79-garnier-automobiles.fr\/nov-apijson\/wp\/v2\/pages\/1985\/revisions"}],"predecessor-version":[{"id":2600,"href":"https:\/\/garage79-garnier-automobiles.fr\/nov-apijson\/wp\/v2\/pages\/1985\/revisions\/2600"}],"wp:attachment":[{"href":"https:\/\/garage79-garnier-automobiles.fr\/nov-apijson\/wp\/v2\/media?parent=1985"}],"curies":[{"name":"wp","href":"https:\/\/api.w.org\/{rel}","templated":true}]}}

<div data-elementor-type="wp-page" data-elementor-id="1985" class="elementor elementor-1985" data-elementor-post-type="page">
						<section class="elementor-section elementor-top-section elementor-element elementor-element-5eb10e15 elementor-section-height-min-height elementor-section-content-middle elementor-section-stretched elementor-reverse-mobile elementor-section-boxed elementor-section-height-default elementor-section-items-middle wpr-particle-no wpr-jarallax-no wpr-parallax-no wpr-sticky-section-no wpr-equal-height-no" data-id="5eb10e15" data-element_type="section" data-e-type="section" data-settings="{&quot;stretch_section&quot;:&quot;section-stretched&quot;,&quot;background_background&quot;:&quot;classic&quot;}">
							<div class="elementor-background-overlay"></div>
							<div class="elementor-container elementor-column-gap-default">
					<div class="elementor-column elementor-col-100 elementor-top-column elementor-element elementor-element-76167afb" data-id="76167afb" data-element_type="column" data-e-type="column">
			<div class="elementor-widget-wrap elementor-element-populated">
							</div>
		</div>
					</div>
		</section>
				<section class="elementor-section elementor-top-section elementor-element elementor-element-7f7ba4d5 elementor-section-content-middle elementor-section-stretched elementor-section-boxed elementor-section-height-default elementor-section-height-default wpr-particle-no wpr-jarallax-no wpr-parallax-no wpr-sticky-section-no wpr-equal-height-no" data-id="7f7ba4d5" data-element_type="section" data-e-type="section" data-settings="{&quot;stretch_section&quot;:&quot;section-stretched&quot;,&quot;background_background&quot;:&quot;classic&quot;}">
							<div class="elementor-background-overlay"></div>
							<div class="elementor-container elementor-column-gap-default">
					<div class="elementor-column elementor-col-100 elementor-top-column elementor-element elementor-element-4246330e" data-id="4246330e" data-element_type="column" data-e-type="column">
			<div class="elementor-widget-wrap elementor-element-populated">
						<div class="elementor-element elementor-element-78079f5 elementor-widget elementor-widget-heading" data-id="78079f5" data-element_type="widget" data-e-type="widget" data-widget_type="heading.default">
				<div class="elementor-widget-container">
					<h1 class="elementor-heading-title elementor-size-default">Contactez les équipes de Garnier Automobiles à Faye-l'Abbesse</h1>				</div>
				</div>
				<div class="elementor-element elementor-element-44eaa879 elementor-widget elementor-widget-text-editor" data-id="44eaa879" data-element_type="widget" data-e-type="widget" data-widget_type="text-editor.default">
				<div class="elementor-widget-container">
									<p><strong>Garnier Automobiles</strong></p>
<p><strong>Adresse :</strong></p>
<p>33 Avenue Jules TRINCHOT,</p>
<p>79350 Faye-l’Abbesse</p>
<p><strong>Téléphone :</strong></p><p><strong>Standard</strong></p><p><strong><a href="tel:0549724206">05 49 72 42 06</a></strong></p>
<p><strong>Service commercial</strong></p>
<p><strong><a href="tel:0748770138">07 48 77 01 38</a></strong></p>
<p><strong>Mail :</strong></p>
<p><strong><a href="mailto:garnier.automobiles@gmail.com">garnier.automobiles@gmail.com</a></strong></p>								</div>
				</div>
				<div class="elementor-element elementor-element-2162756 elementor-widget elementor-widget-htcontactform-addons" data-id="2162756" data-element_type="widget" data-e-type="widget" data-widget_type="htcontactform-addons.default">
				<div class="elementor-widget-container">
					            <div class="htcontact-form-wrapper" >
                
<div class="wpcf7 no-js" id="wpcf7-f35-o1" lang="fr-FR" dir="ltr" data-wpcf7-id="35">
<div class="screen-reader-response"><p role="status" aria-live="polite" aria-atomic="true"></p> <ul></ul></div>
<form action="/nov-apijson/wp/v2/pages/1985#wpcf7-f35-o1" method="post" class="wpcf7-form init" aria-label="Formulaire de contact" novalidate="novalidate" data-status="init">
<fieldset class="hidden-fields-container"><input type="hidden" name="_wpcf7" value="35" /><input type="hidden" name="_wpcf7_version" value="6.1.5" /><input type="hidden" name="_wpcf7_locale" value="fr_FR" /><input type="hidden" name="_wpcf7_unit_tag" value="wpcf7-f35-o1" /><input type="hidden" name="_wpcf7_container_post" value="0" /><input type="hidden" name="_wpcf7_posted_data_hash" value="" />
</fieldset>
<div class="col-md-12">
	<p><span class="wpcf7-form-control-wrap" data-name="nom"><input size="40" maxlength="400" class="wpcf7-form-control wpcf7-text wpcf7-validates-as-required" aria-required="true" aria-invalid="false" placeholder="Nom*" value="" type="text" name="nom" /></span>
	</p>
</div>
<div class="col-md-12">
	<p><span class="wpcf7-form-control-wrap" data-name="email"><input size="40" maxlength="400" class="wpcf7-form-control wpcf7-email wpcf7-validates-as-required wpcf7-text wpcf7-validates-as-email" aria-required="true" aria-invalid="false" placeholder="Email*" value="" type="email" name="email" /></span>
	</p>
</div>
<div class="col-md-12">
	<p><span class="wpcf7-form-control-wrap" data-name="sujet"><input size="40" maxlength="400" class="wpcf7-form-control wpcf7-text wpcf7-validates-as-required" aria-required="true" aria-invalid="false" placeholder="Sujet*" value="" type="text" name="sujet" /></span>
	</p>
</div>
<div class="col-md-12">
	<p><span class="wpcf7-form-control-wrap" data-name="message"><textarea cols="40" rows="10" maxlength="2000" class="wpcf7-form-control wpcf7-textarea wpcf7-validates-as-required" aria-required="true" aria-invalid="false" placeholder="Message*" name="message"></textarea></span>
	</p>
</div>
<div class="col-md-12">
	<p><span class="wpcf7-form-control-wrap" data-name="checkbox-979"><span class="wpcf7-form-control wpcf7-checkbox wpcf7-validates-as-required"><span class="wpcf7-list-item first last"><label><input type="checkbox" name="checkbox-979[]" value="En soumettant ce formulaire, j’accepte que les informations saisies soient exploitées dans le strict cadre de ma demande." /><span class="wpcf7-list-item-label">En soumettant ce formulaire, j’accepte que les informations saisies soient exploitées dans le strict cadre de ma demande.</span></label></span></span></span>
	</p>
</div>
<div class="col-md-12">
	<p><input class="wpcf7-form-control wpcf7-submit has-spinner" type="submit" value="Envoyer" />
	</p>
</div>
<div class="col-md-12 ml">
	<p>* Ces champs sont obligatoires
	</p>
	<p>Nous nous engageons à ce que la collecte et le traitement de vos données effectuées à partir du présent site internet soit conforme à la loi informatique et libertés et au règlement général sur la protection des données personnelles (RGPD). Afin d’exercer vos droits, notamment d’accès, de correction ou de retrait de vos données personnelles collectées via ce formulaire, consultez notre <a href="/politique-de-confidentialite">Politique de confidentialité</a>.
	</p>
	<p>Conformément à l’article L 223-2 du code de la consommation, nous vous informons que vous pouvez à toute moment vous inscrire sur le site BLOCTEL sur la liste d’opposition au démarchage téléphonique.
	</p>
</div><p style="display: none !important;" class="akismet-fields-container" data-prefix="_wpcf7_ak_"><label>&#916;<textarea name="_wpcf7_ak_hp_textarea" cols="45" rows="8" maxlength="100"></textarea></label><input type="hidden" id="ak_js_1" name="_wpcf7_ak_js" value="61"/><script type="text/javascript">
/* <![CDATA[ */
document.getElementById( "ak_js_1" ).setAttribute( "value", ( new Date() ).getTime() );
/* ]]> */
</script>
</p><div class="wpcf7-response-output" aria-hidden="true"></div>
</form>
</div>
            </div>

        				</div>
				</div>
					</div>
		</div>
					</div>
		</section>
				</div>

<p>Contactez les équipes de Garnier Automobiles à Faye-l&rsquo;Abbesse Garnier Automobiles Adresse : 33 Avenue Jules TRINCHOT, 79350 Faye-l’Abbesse Téléphone : Standard 05 49 72 42 06 Service commercial 07 48 77 01 38 Mail : garnier.automobiles@gmail.com En soumettant ce formulaire, j’accepte que les informations saisies soient exploitées dans le strict</p>
